) = 3*j**3 - j + 5. What is i(-3)?
-73
Let f(o) = 4*o**2 + 3*o - 2. Give f(-4).
50
Let h(w) = w**2 + 13*w + 9. Give h(-12).
-3
Let b(l) = -l**3 - 10*l**2 + 9*l + 26. Calculate b(-11).
48
Let j(b) = b**3 + 4*b**2 + 9*b - 6. What is j(-4)?
-42
Let w(v) = -v**2 + v + 35. What is w(-4)?
15
Let k(m) = -m**3 + 13*m**2 - 13*m + 17. Determine k(12).
5
Let f(j) = 2*j. Give f(0).
0
Let w(c) = -9*c - 80. Give w(-11).
19
Let o(k) = -10*k + 15. Determine o(-2).
35
Let h(p) = -p**2 + 3*p + 78. What is h(-7)?
8
Let s(d) = d**3 + 6*d**2 + 7*d + 3. Calculate s(-4).
7
Let k(m) = -m**3 - 7*m**2 - 2*m - 9. Determine k(-8).
71
Let f(o) = -o**2 - 6*o + 30. Calculate f(-8).
14
Let n(g) = g**2 + 11*g + 15. Determine n(-9).
-3
Let p(m) = 6*m - 26. Determine p(10).
34
Let c(a) = -2*a**3 - 39*a**2 - 54*a + 6. Calculate c(-18).
6
Let v(a) = -a**3 - 24*a**2 + 51*a - 22. Determine v(-26).
4
Let h(m) = m**2 - 7*m + 9. Calculate h(3).
-3
Let k(g) = -g**3 + 16*g**2 - 16*g - 18. Give k(15).
-33
Let o(v) = -3*v**3 + v**2 - v. Give o(1).
-3
Let g(h) = h**3 - 17*h**2 - 18*h - 9. Determine g(18).
-9
Let c(v) = -v**3 + 5*v**2 + 3*v - 7. Give c(7).
-84
Let q(n) = -2*n**3 + 2*n**2 - 4*n + 12. Calculate q(2).
-4
Let c(q) = 4*q**2 + 36*q - 33. Give c(-10).
7
Let w(v) = 3*v + 19. Give w(-4).
7
Let v(l) = 18*l**3 - 3*l**2 - 2*l. Determine v(-2).
-152
Let f(v) = -v**3 + 14*v**2 - 46*v - 9. Give f(8).
7
Let f(i) = i**2 + 7*i + 13. What is f(-5)?
3
Let u(x) = -x - 12. Determine u(3).
-15
Let w(d) = d**3 - 7*d**2 + 22*d - 78. Determine w(5).
-18
Let g(y) = -2*y**2 + 21*y - 9. Determine g(10).
1
Let i(g) = 5*g - 3. Determine i(0).
-3
Let h(c) = -2*c**2 - 19*c + 51. Determine h(-12).
-9
Let f(w) = -w**2 + 4*w - 6. Determine f(4).
-6
Let x(b) = -42*b - 2. Determine x(1).
-44
Let l(m) = m**3 + 2*m**2 - m + 1. Determine l(-3).
-5
Let j(g) = 7*g**2 - 364*g - 6. Give j(52).
-6
Let c(g) = -g**2 + g + 3. Determine c(6).
-27
Let o(w) = -w**2 - 9*w - 12. Determine o(-5).
8
Let r(s) = -4*s + 2. What is r(-4)?
18
Let t(v) = 40*v**2 + 2*v + 1. What is t(-1)?
39
Let g(i) = -4*i**3 - 59*i**2 + 17*i + 22. Calculate g(-15).
-8
Let m(w) = -w**2 - 3*w + 67. Give m(0).
67
Let v(c) = -c**2 - 6*c + 20. Give v(-9).
-7
Let m(b) = -2*b**2 + 10*b + 106. Give m(10).
6
Let d(v) = 8*v - 49. Calculate d(6).
-1
Let n(f) = -f**2 - 20*f - 1. Determine n(-20).
-1
Let x(r) = r**2 + 17*r + 9. Determine x(-17).
9
Let p(s) = s**3 - 16*s**2 + 39*s + 10. What is p(13)?
10
Let r(y) = -y**2 + 24*y + 70. Determine r(27).
-11
Let f(g) = -g**2 - 14*g + 99. Calculate f(-14).
99
Let v(y) = -13*y + 23. Give v(7).
-68
Let c(k) = k**3 - 8*k**2 + 7*k - 4. Determine c(7).
-4
Let n(d) = -25*d + 51. Give n(3).
-24
Let z(n) = 2*n + 24. What is z(-10)?
4
Let f(p) = 8*p - 152. Calculate f(19).
0
Let c(u) = -u**3 - 13*u**2 + 12*u - 1. Calculate c(1).
-3
Let a(g) = g**3 + 24*g**2 + 45*g + 11. Calculate a(-22).
-11
Let i(h) = -2*h**3 - 6*h + 1. What is i(-3)?
73
Let s(u) = u**2 - 17*u - 9. Determine s(13).
-61
Let r(n) = -n + 6. Determine r(-12).
18
Let w(r) = 2*r**3 + 5*r**2 + 4*r + 2. What is w(-2)?
-2
Let g(s) = 2*s**3 + 20*s**2 - 25*s - 11. What is g(-11)?
22
Let l(d) = -31*d**2 + 2*d. Determine l(-1).
-33
Let g(o) = o**3 + 8*o**2 - 11*o - 18. Calculate g(-9).
0
Let b(q) = -q - 18. Determine b(-7).
-11
Let u(g) = -g**2 - 20*g - 56. What is u(-6)?
28
Let c(v) = -42*v - 922. Give c(-22).
2
Let b(y) = 2*y**2 + 4*y - 3. What is b(2)?
13
Let d(s) = s**3 - 10*s**2 + 9*s + 2. Give d(8).
-54
Let s(r) = -r**2 - 8*r - 4. Calculate s(-6).
8
Let b(o) = o**3 - 13*o**2 - 69*o + 15. What is b(17)?
-2
Let u(j) = -4*j - 44. Calculate u(-10).
-4
Let p(t) = -t**2 - 8*t - 4. Determine p(-6).
8
Let h(i) = 95*i - 13. Give h(0).
-13
Let q(i) = 11*i - 108. What is q(9)?
-9
Let k(f) = f**3 - 8*f**2 + 3*f - 11. Determine k(8).
13
Let m(b) = 8*b - 13. What is m(6)?
35
Let h(q) = -3*q + 17. Give h(5).
2
Let g(r) = 3*r**2 + 10*r + 4. Determine g(-4).
12
Let z(i) = i**3 + 2*i**2 + 3*i - 5. Determine z(2).
17
Let p(k) = k**3 - 10*k**2 + 14*k - 12. Determine p(9).
33
Let s(k) = 2*k + 26. Calculate s(-6).
14
Let y(m) = m**3 + 5*m**2 + 5*m + 12. Calculate y(-4).
8
Let k(t) = -t**3 - 61*t**2 - 3*t - 188. Determine k(-61).
-5
Let s(k) = 2*k**2 + 28*k - 26. What is s(-14)?
-26
Let v(w) = 4*w + 9. Give v(5).
29
Let p(i) = -2*i**3 - i + 2. Calculate p(0).
2
Let k(s) = -s. What is k(-7)?
7
Let q(c) = -5*c**3 + 2*c**2 - 2*c - 2. What is q(-1)?
7
Let j(p) = 3*p**2 + 117*p. Calculate j(-39).
0
Let v(w) = w**3 + 25*w**2 - 28*w - 51. What is v(-26)?
1
Let b(n) = -2*n**2 + 8*n - 10. Calculate b(4).
-10
Let l(p) = -p**3 + 9*p**2 - 5*p - 3. Calculate l(10).
-153
Let h(g) = 11*g - 2. What is h(1)?
9
Let a(r) = -16*r - 71. What is a(-4)?
-7
Let m(a) = -a**2 + 11*a + 11. Calculate m(9).
29
Let q(t) = t**3 - 3*t**2 + 2. What is q(2)?
-2
Let a(y) = -y**3 + 15*y**2 + 14*y + 20. Determine a(16).
-12
Let x(o) = o**3 + o**2 + o - 24. Give x(0).
-24
Let o(c) = -c**3 + 8*c**2 - 6*c + 12. Calculate o(6).
48
Let b(h) = 3*h - 5. Determine b(-2).
-11
Let b(l) = -l**3 + 2*l**2 - l + 5. Give b(0).
5
Let i(g) = -g**3 - 7*g**2 + 10*g + 43. What is i(-8)?
27
Let v(o) = 73*o**2 - 24*o - 25. Calculate v(-1).
72
Let b(o) = -4*o**3 + 3*o**2 - o - 2. Determine b(2).
-24
Let y(z) = 2*z**2 + 15*z - 5. Give y(-8).
3
Let r(k) = -6*k - 64. What is r(-12)?
8
Let k(m) = -2*m - 32. Give k(-17).
2
Let n(o) = o**3 - 4*o + 5. Give n(1).
2
Let r(p) = -p**2 - 8*p + 22. Calculate r(-10).
2
Let g(w) = -5*w**3 + 2*w - 1. Calculate g(1).
-4
Let g(x) = -x**2 - 23*x - 27. What is g(-21)?
15
Let z(o) = -o**2 + 5*o + 53. Give z(10).
3
Let i(o) = -7*o - 63. Determine i(8).
-119
Let c(b) = -b**3 + 2*b**2 - 4*b. Give c(3).
-21
Let m(t) = 5*t**2 - 221*t + 50. Determine m(44).
6
Let d(k) = k**2 + 16*k + 52. What is d(-5)?
-3
Let x(n) = -n**3 - 2*n - 33. Calculate x(0).
-33
Let h(c) = 7*c + 86. Give h(-15).
-19
Let z(f) = 2*f**3 - 4*f**2 + 2*f. Give z(1).
0
Let b(l) = l**2 - 11*l - 6. Give b(12).
6
Let l(m) = m**3 - m**2 - 7*m - 4. Give l(4).
16
Let d(m) = m + 12. Determine d(7).
19
Let z(s) = 22*s + 130. Give z(-6).
-2
Let z(u) = -13*u + 2. Determine z(-1).
15
Let x(u) = -44*u + 144. Determine x(3).
12
Let p(f) = 2*f**2 - 3*f + 4. Calculate p(3).
13
Let j(b) = 3*b + 74. What is j(-27)?
-7
Let c(h) = -29*h - 168. Calculate c(-6).
6
Let n(m) = -m**2 - 18*m + 50. Calculate n(-22).
-38
Let t(y) = -y**2 + 8*y + 38. What is t(11)?
5
Let a(c) = c**3 + 7*c**2 - 16*c + 17. Calculate a(-9).
-1
Let s(k) = -k**2 - 13*k + 28. Give s(-13).
28
Let r(x) = 5*x - 16. Give r(4).
4
Let v(y) = 17*y**3 - 2*y**2 + 1. What is v(1)?
16
Let g(t) = t + 15. Determine g(-5).
10
Let y(q) = q**2 + 20*q + 22. Calculate y(-16).
-42
Let y(x) = -x**3 - 5*x**2 - 2*x + 6. Give y(-3).
-6
Let f(g) = g**2 + 2*g + 7. Determine f(0).
7
Let l(k) = 2*k**2 + 17*k + 23. Give l(-7).
2
Let j(p) = 6*p**3 - 25*p**2 + 6*p - 9. Give j(4).
-1
Let m(h) = -48*h - 4. Calculate m(-1).
44
Let x(k) = -67*k + 1136. Give x(17).
-3
Let u(m) = -m**2 + 4*m + 13. Calculate u(8).
-19
Let p(b) = -2*b**2 + 23*b - 35. Determine p(10).
-5
Let d(f) = -3*f**3 + 18*f**2 - 5. Determine d(6).
-5
Let h(x) = 15*x**2 - 12*x + 1. Determine h(2).
37
Let g(m) = m**3 + 9*m**2 + 12*m + 11. What is g(-8)?
-21
Let k(u) = -u**3 - 15*u**2 - 4*u + 41. Determine k(-14).
-99
Let f(o) = o**3 + 5*o**2 - 14*o - 61. What is f(-3)?
-1
Let b(u) = 5*u**2 - 2*u - 1. Calculate b(4).
71
Let z(l) = l**3 + 14*l**2 - l - 5. What is z(-14)?
9
Let d(y) = y**3 - 8*y**2 + 7*y - 9. What is d(7)?
-9
Let r(u) = 2*u**2 - 68*u + 68. Give r(33).
2
Let x(u) = -u**2 + 5*u + 4. Calculate x(-5).
-46
Let n(u) = 10*u - 1. Calculate n(-4).
-41
Let m(f) = -4*f - 83. Give m(-9).
-47
Let m(l) = -5*l**3 - 9*l**2 + 3*l + 11. Calculate m(-2).
9
Let s(p) = 5*p**2 + 2*p - 3. Determine s(2).
21
Let p(a) = -5*a - 57. Give p(-11).
-2
Let z(k) = k**3 - 49*k**2 + 95*k - 41. What is z(47)?
6
Let j(c) = -11*c - 80. Calculate j(-7).
-3
Let l(k) = -6*k + 30. What is l(-7)?
72
Let d(p) = -5*p + 7. What is d(11)?
-48
Let q(x) = 10*x**2 + 111*x. Calculate q(-11).
-11
Let r(s) = -s**2 - 16*s - 53. What is r(-11)?
2
Let t(l) = l**2 - 20*l + 53. What is t(11)?
-46
Let z(l) = -3*l**3 - 7*l**2 + 8*l - 2. What is z(1)?
-4
Let i(j) = 55*j**2 + 2*j - 8. Calculate i(2).
216
Let x(u) = 